. Let a = 592 + j. Is a a composite number?
False
Suppose 3*o + 23 = 5*u - 76, 3*u + 3*o = 45. Let q = -5 + u. Is q prime?
True
Is (-209)/2*-12 - -1 prime?
False
Let n = -6 + -45. Let j = 20 - n. Is j a composite number?
False
Let w(x) = -5*x + x**3 + 2*x + 0 - 3 - 2*x**2. Let k be (-282)/(-42) - (-2 + 12/7). Is w(k) composite?
True
Suppose q = 4*f + 1291, -f = -5*q - 1679 + 8191. Is q prime?
True
Suppose 8 = m - 48. Let h(j) = 98*j**2 + 295*j**2 + 117*j**2 - 1 + m*j**2. Is h(1) a composite number?
True
Suppose -5*l = 10*k - 11*k - 5046, 0 = -3*l + 4*k + 3031. Is l a composite number?
False
Let o(y) = 4*y - 3. Let k be o(6). Let m = 24 - k. Suppose -3*b + 3*a + 6 = -321, -m*a + 545 = 5*b. Is b prime?
True
Let k be 1547/4 + (-1)/(-4). Let j(b) = 7*b - 48. Let o be j(32). Let z = k - o. Is z composite?
False
Suppose 28438 = -1180*l + 1182*l. Is l a composite number?
True
Suppose 5*r + 906 = 15991. Is r prime?
False
Suppose 0 = 53*x - 54*x + 5. Suppose 0 = x*n - t - t - 1529, -2*n + t + 611 = 0. Is n a prime number?
True
Let w be 4/((-1)/3 + 0). Is ((-729)/w - -2)/(1/4) a prime number?
True
Let w(l) = -l**3 - 8*l**2 - 3*l + 16. Let d be w(-2). Let u(t) = 13*t**2 + 2*t - 3 + 6 + 2*t. Is u(d) a composite number?
False
Suppose 0 = 6*u + 12*u - 7200. Suppose -t + 567 = 4*b, -187 - u = -4*b + 3*t. Is b composite?
True
Let d = 3463 - 8675. Let j = d + 9588. Suppose 0 = 4*c - 4*h - j, c - 2*h = 2*h + 1085. Is c a prime number?
True
Let v be -6*((-225)/(-2) - 2). Let z = v - -1107. Let x = z - 243. Is x a prime number?
False
Let a(v) = 5*v + 5*v - 9*v. Let f be a(3). Suppose 431 = f*h - 814. Is h composite?
True
Let i(v) = -v**3 + 4*v**2 - v - 2. Let l(w) = -w**3 + 3*w**2 - w - 2. Let b(c) = 2*i(c) - 3*l(c). Let a be b(0). Suppose 31 = 3*z - a. Is z prime?
True
Let t(k) = -3*k - 7. Let u be t(-4). Suppose -f + u*b + 2053 = 2*f, 5*f - 5*b = 3435. Is f composite?
False
Let l = 39 - 27. Let u(q) = q**3 - 11*q**2 + 8*q - 14. Let k be u(10). Let z = l - k. Is z prime?
False
Suppose 0 = 4*w + 3*b + 732, 0*w = -3*w + b - 562. Let y = -59 - w. Is y a composite number?
False
Suppose -10*w + 75850 = -5*w. Suppose -3*a - 7*a = -w. Is a composite?
True
Suppose 5*q + 5 = 25. Suppose 4*r + 28 + 32 = -a, 4*a - q*r + 200 = 0. Let m = 75 - a. Is m composite?
False
Let f = -16 - -16. Suppose f = s - 11 + 2. Is 3/s*(0 + 273) a prime number?
False
Let h = 12329 - 8448. Is h composite?
False
Let y be (0 + (-8)/(-4))/(-2). Let m be ((-2 + 1)*3)/y. Suppose -2*l - 161 = -m*l. Is l prime?
False
Let s(k) = k**2 + 8*k - 23. Let m be s(-10). Let i be (-3)/(m - (-514)/172). Suppose -9*g + i = -7*g. Is g a prime number?
False
Suppose 0 = -4*g - 3*b + 62212 + 102865, -g = -2*b - 41283. Is g composite?
True
Let c(p) = 16*p + 2. Let x be c(-2). Let d = 343 - x. Is d a composite number?
False
Suppose -3*o + 3 = 0, -5*o = 2*y + 3*y - 25130. Suppose -4*n + y = l, -n + 5040 = 3*n + 4*l. Is n composite?
True
Let s(f) = 349*f**2 - 52*f - 268. Is s(-5) a prime number?
False
Let b(k) be the first derivative of 149*k**4/4 + k**3/3 + 2. Let i be b(1). Suppose 5*t - 125 - i = 0. Is t composite?
True
Let c = -4 - -4. Let x(a) = a**3 + a**2 + a - 2. Let q be x(c). Is (-12)/(2*q) + 18 a composite number?
True
Let o(p) = -6*p - 10. Let f be o(5). Let k(w) = 136*w**2 + 4. Let v be k(3). Is v/6*(-60)/f composite?
False
Suppose -76*g + 74*g = -260. Is (-13)/g - 34142/(-20) a composite number?
True
Let o(s) = -1 + s + 20*s**2 + 10*s**2 + s. Suppose -4*i + 5 + 3 = 0. Is o(i) a composite number?
True
Suppose 3*p = -5*k + 718 + 32961, k + 2*p - 6733 = 0. Is k prime?
True
Let z be -3 - ((4 - 11) + -1). Let i(b) = 72*b - 1 - z*b + 45*b. Is i(3) composite?
True
Let u(f) = f**3 + 2*f**2 - 4*f + 1. Let c be u(-3). Suppose 0 = -5*g - c*x - 7819, 4*g - x + 6256 = -5*x. Is (g/(-4))/3*4 a composite number?
False
Suppose -3*d = 9*y - 15045, -2*d + 4*y + 10026 = 9*y. Is d composite?
False
Let x(b) = 7*b - 15. Let l(u) = -13*u + 31. Let z(d) = 6*l(d) + 11*x(d). Is z(-5) prime?
False
Let j = -46 - 6. Let v = 75 + j. Is v a composite number?
False
Let t(f) = -2169*f - 2. Is t(-1) a prime number?
False
Suppose -6*g = -4*g - 854. Let c = -120 + g. Suppose -195 - c = -2*w. Is w a composite number?
False
Let u = 1521 + -3342. Let d = u + 3387. Suppose 4*p - 1552 = l - 3*l, 5*l + d = 4*p. Is p a composite number?
False
Let m(z) = -z**2 + 2*z + 3. Let u be m(3). Suppose u = j + 4*j - 275. Suppose -14*c = -15*c + j. Is c a prime number?
False
Let o be (-34)/(-4) + (-8)/(-16). Suppose 4*v + 95 = o*v. Is v composite?
False
Suppose 7*b + 1666 - 28217 = 0. Is b composite?
False
Is ((-49)/(-14))/(1/206) a prime number?
False
Let u be 10/(-6)*13/((-78)/17676). Suppose -c + 3*c = u. Is c a prime number?
False
Let f = -14 - -504. Let k be (-3 - 65/(-15))/(2/6). Suppose k*s = 466 + f. Is s a prime number?
True
Let y(m) = -7 - 20 - 7 - 72*m - 9. Is y(-18) prime?
False
Suppose 5*c - 4*c - 45 = 0. Let b = 38 + c. Is b a composite number?
False
Let a(s) = 371*s - 8. Let w be 14/(-21) + (-1)/(-3)*35. Is a(w) composite?
False
Let q(n) = -253*n. Let g(p) = p**2 - p - 1. Let s be g(1). Is q(s) a prime number?
False
Let q = 280 + 859. Is q a prime number?
False
Let f(v) = -v**3 + 2*v**2 + v. Let i be f(3). Let k(n) = 13*n**2 + 12*n + 19. Is k(i) prime?
False
Let z = -18 + 18. Is 573/(z + 3)*1 a composite number?
False
Is 8/52 + 135430/26 a composite number?
False
Suppose 0*a - 5*y - 77 = -2*a, y + 109 = 3*a. Is (-6053)/(-5) + -2 + a/15 composite?
True
Suppose 0 = -6*k + 65517 + 3525. Is k a prime number?
False
Let n(k) = 2*k**3 - 9*k**2 + 8*k + 1. Suppose r = -2*r + 5*z + 8, 4*r + z - 26 = 0. Is n(r) composite?
False
Let n(p) = 4*p**2 + 8*p + 0*p + 6 - 5*p - 5*p. Let z be n(-6). Let d = 289 - z. Is d a composite number?
False
Let u = -56 - -622. Let m = 975 - u. Is m a composite number?
False
Let w(j) = -j**2 + 14*j + 3. Let b be w(14). Is -953*2/8*(-1 - b) composite?
False
Let o = 20297 - -10442. Is o prime?
False
Let v be 30*6 + (0 - 0). Let i = 11 - 28. Let f = i + v. Is f a prime number?
True
Let a(z) = z + 10*z**2 + 0*z + 30*z**2 + 3. Is a(-2) a prime number?
False
Let q be 1/2*(-3 - -9). Suppose 7*g = q*g + 6212. Is g composite?
False
Let n be (-105)/18 - ((-11)/(-6))/11. Let x(o) = -546*o + 23. Is x(n) composite?
False
Let d(v) = 4*v**2 - 64*v + 69. Is d(23) prime?
False
Suppose 2*h = -3*c + 12 + 36, -5*h - 80 = -5*c. Suppose -c*g + 6 = -14*g. Is 37 + g/(6/(-8)) composite?
True
Suppose l - 4 = 2*l, h = -5*l + 16001. Is h a prime number?
False
Let g = 0 + 4. Let j = -1919 + 3094. Is g*(-1 - j/(-10)) a composite number?
True
Suppose 13*d - 8*d = 215. Let b = d - -106. Is b composite?
False
Let b be 2 + 0 + 3 + 1 + -2803. Let h = -1806 - b. Is h prime?
True
Is 1 + -2 + -2 + 92016/24 a prime number?
False
Is 35013/15 + 48/(-40) a composite number?
False
Let o = -2147 + 3618. Is o a prime number?
True
Suppose 0 = 2*x - 3915 - 10199. Is x prime?
True
Let j = -1982 + 2883. Is j a composite number?
True
Let g be (-1)/(4/(-16)*2). Suppose 16 = g*t - 3*u, -4*u = -2*t + u + 24. Suppose -5*d + t*d = -1677. Is d a prime number?
False
Let a(j) = j**2 + 2*j + 2. Let b be a(-3). Let z(m) = m**2 - 5*m + 2. Let n be z(b). Suppose h = -v + n*h + 30, -3*v = -2*h - 94. Is v composite?
True
Let u(w) = -5*w**3 + 12*w**2 - w + 13. Let f(b) = 11*b**3 - 24*b**2 + 3*b - 27. Let n(j) = 6*f(j) + 13*u(j). Is n(-10) prime?
True
Suppose -8*w - 22425 = 5*x - 3*w, 8978 = -2*x - 4*w. Let f = -2918 - x. Is f composite?
True
Let j(m) = -2*m**3 + 4*m**3 - m**3 + 1. Let g be j(1). Suppose -5*z - g*x + 1435 = 0, -76 = z + x - 363. Is z a composite number?
True
Suppose -h - 1 + 4 = 0. Let q be (9/6)/(9/6) + 0. Is (-3460)/(-8)*(h - q) a composite number?
True
Let h = -7632 - -15187. Is h prime?
False
Suppose -27629 - 14164 = -3*u. Is u a prime number?
True
Let k(l) = 124*l - 2. Let b be k(3). Let u = -55 + 60. Suppose -4*g + 0*z + 326 = -2*z, u*z - b = -5*g. Is g prime?
True
Let b(g) = 2*g**3 - 3*g**2 + 2*g. Let t be b(2). Suppose -t = 4*u - 2*u, 0 = 4*o - 5*u - 368. Is o prime?
False
Let w(a) = 190*a**2 + 11*a - 2. Is w(3) a composite number?
False
Let p be (20/4)/(-1)*193. Let d = 1624 + p. Is d a composite number?
False
Is (-21205)/(-13) + (160/130)/(-8) a composite number